0010111 - -11?
-100010100
In base 12, what is -188 + 230?
64
In base 13, what is -2 + 86b91?
86b8c
In base 2, what is -101101111 + 10000010?
-11101101
In base 3, what is -11000121112101 - 2?
-11000121112110
In base 11, what is 23 + 857?
87a
In base 15, what is 22bc0 + -6?
22bb9
In base 16, what is -89 - -91a?
891
In base 4, what is -1321113113 - -2?
-1321113111
In base 3, what is 20211012 + -2?
20211010
In base 5, what is 3430443 - 10?
3430433
In base 13, what is -3 + b3b9c?
b3b99
In base 6, what is -101 + -131431?
-131532
In base 14, what is -66 - -259bb?
25955
In base 16, what is -a6a + 32?
-a38
In base 8, what is 41 + 443?
504
In base 13, what is 630 + 2b2?
912
In base 13, what is -4 + -1c5776?
-1c577a
In base 14, what is -4 + -1a97?
-1a9b
In base 8, what is 0 + 51500?
51500
In base 9, what is 54 - -2815?
2870
In base 13, what is -1 + 37933?
37932
In base 10, what is -507 - -63?
-444
In base 3, what is -12010 + -1122121?
-1211201
In base 2, what is -1 + -11100000100100?
-11100000100101
In base 3, what is -10 - 22111120121?
-22111120201
In base 2, what is 11000111100010 - -11001?
11000111111011
In base 16, what is 1 + -c250b?
-c250a
In base 3, what is -111222 - -221112?
102120
In base 7, what is -4 + -3203655?
-3203662
In base 12, what is -4 - 10902?
-10906
In base 6, what is -3 - -13430401?
13430354
In base 14, what is -a8 - 47?
-111
In base 14, what is -250 + -16a?
-3ba
In base 3, what is 122 - 120212101020?
-120212100121
In base 13, what is 2a30 + -6?
2a27
In base 12, what is -5 + 124a85?
124a80
In base 6, what is -350521 - 2?
-350523
In base 11, what is 10948 - 9?
1093a
In base 15, what is -88d - -2?
-88b
In base 11, what is -346 + 918?
582
In base 7, what is -12 - -110313?
110301
In base 16, what is -a - -1908?
18fe
In base 10, what is 17 - 48?
-31
In base 16, what is -631 - 102?
-733
In base 7, what is -11 + -3243561?
-3243602
In base 5, what is -4 + 102444?
102440
In base 2, what is 1100 - 110110111011111?
-110110111010011
In base 7, what is 406331 + 2?
406333
In base 7, what is 2 + 5415261?
5415263
In base 16, what is -a20 - -25?
-9fb
In base 4, what is -212 - 3023112?
-3023330
In base 2, what is -111101101 - -1001011000?
1101011
In base 8, what is -3 + -20702?
-20705
In base 6, what is -4 + 135433?
135425
In base 7, what is 2 - -201625?
201630
In base 9, what is -6285 + -211?
-6506
In base 14, what is -133 + -6c?
-1a1
In base 16, what is 3 - -1b6?
1b9
In base 14, what is 1 - -2824?
2825
In base 11, what is -10119a - -5?
-101195
In base 14, what is 138b32 + -4?
138b2c
In base 9, what is -1311084 + -6?
-1311101
In base 5, what is 11 + 131210?
131221
In base 15, what is -2856ba - -4?
-2856b6
In base 3, what is 2 + -20222211?
-20222202
In base 16, what is -1 + 124?
123
In base 9, what is -185625 - -4?
-185621
In base 3, what is -1022201 - -10020?
-1012111
In base 14, what is 39b - -18?
3b5
In base 9, what is 174 - -122?
306
In base 16, what is e61f + -5?
e61a
In base 16, what is 419 + -158?
2c1
In base 3, what is -102110022110 + -10?
-102110022120
In base 9, what is 5 - -7238?
7244
In base 10, what is -116 + -2675?
-2791
In base 12, what is 129588 - 0?
129588
In base 11, what is 4 - 77740a?
-777406
In base 2, what is 100 + 100000111011101?
100000111100001
In base 3, what is 1001122 + -110?
1001012
In base 3, what is 12222101002 - 212?
12222100020
In base 15, what is 761 + -2d3?
47d
In base 10, what is 207 + 268?
475
In base 15, what is -192 - 348?
-4da
In base 6, what is -312 - -3314?
3002
In base 10, what is 4 + 15944?
15948
In base 11, what is 19a + -2938?
-2749
In base 10, what is -1260 - 54?
-1314
In base 3, what is -120201 + 121111120?
120220212
In base 14, what is 1c7219 - 6?
1c7213
In base 9, what is -732 - -42?
-680
In base 3, what is -10120220 - -1121?
-10112022
In base 3, what is -110 + 12021101222?
12021101112
In base 6, what is 10552124 - 5?
10552115
In base 10, what is 6 - 1098?
-1092
In base 11, what is -67780 - -63?
-67718
In base 8, what is -13027 + 1?
-13026
In base 6, what is 151231 - -23?
151254
In base 7, what is -31 + 116161?
116130
In base 2, what is 111011001111110001101 - 1?
111011001111110001100
In base 3, what is -2 - -11200210211?
11200210202
In base 16, what is -1d2 - 1a?
-1ec
In base 2, what is 10000001100111 - -1001?
10000001110000
In base 9, what is 7 + 21141?
21148
In base 3, what is 101002210 + -100000?
100202210
In base 9, what is 385 - -128?
524
In base 11, what is 62a2 + -47?
6256
In base 6, what is -12 - 1414?
-1430
In base 3, what is -1210 + 2002002?
2000022
In base 14, what is -306 - 210?
-516
In base 6, what is -4340 - 312?
-5052
In base 10, what is -2825 - -12?
-2813
In base 10, what is 194645 - 8?
194637
In base 8, what is -2044 + -17?
-2063
In base 13, what is 933 + -41?
8c2
In base 6, what is 15 + -42502?
-42443
In base 3, what is -100 + 1201121?
1201021
In base 11, what is -5 - -73489?
73484
In base 14, what is -2 - c6a7?
-c6a9
In base 11, what is 43700 - -6?
43706
In base 4, what is -22033310 + -32?
-22100002
In base 8, what is 46 + -256704?
-256636
In base 11, what is 694954 + 0?
694954
In base 6, what is 2 - -34124531?
34124533
In base 12, what is -35 - 5b0b?
-5b44
In base 15, what is 3 + 188a82?
188a85
In base 6, what is 0 + -3120401?
-3120401
In base 8, what is 300615 + -4?
300611
In base 8, what is 4 - 62044?
-62040
In base 4, what is 1322330012 - -11?
1322330023
In base 5, what is 203322 + 22?
203344
In base 16, what is -5 - -b553?
b54e
In base 5, what is 34021 + 234?
34310
In base 3, what is 11021110102 - 0?
11021110102
In base 3, what is 10 - 120201000101?
-120201000021
In base 13, what is 3 - -54694?
54697
In base 10, what is 365 - 215?
150
In base 3, what is 2 - -1022100010?
1022100012
In base 14, what is 3 - 227bb9?
-227bb6
In base 6, what is -4 + -5200?
-5204
In base 12, what is 17 + -1024b?
-10234
In base 9, what is -2645 + -30?
-2675
In base 16, what is 5 - -91a9?
91ae
In base 13, what is 463 + -74?
3bc
In base 8, what is -5 - 5454?
-5461
In base 11, what is -4 + 3923?
391a
In base 6, what is -554300 - 3?
-554303
In base 14, what is 1 + -2b8d8?
-2b8d7
In base 12, what is -279 + 62b?
372
In base 13, what is -39 + c3b?
c02
In base 7, what is 1 - 242003?
-242002
In base 16, what is -3 - -1616?
1613
In base 8, what is 346 + -27011?
-26443
In base 3, what is 1 - 1102010100?
-1102010022
In base 6, what is -103 + 2255?
2152
In base 7, what is -6126 + -2?
-6131
In base 14, what is -20 - 936?
-956
In base 5, what is 2 - 144032?
-144030
In base 6, what is 14 + -14002540?
-14002522
In base 11, what is 147 + -32?
115
In base 4, what is 102222 + 21101?
123323
In base 2, what is 101000100110 - -10110?
101000111100
In base 13, what is -1c99b - 2?
-1c9a0
In base 15, what is a9d77 + -5?
a9d72
In base 2, what is -11111001110000011 - 10?
-11111001110000101
In base 3, what is -100210 + -201?
-101111
In base 15, what is 2c - -23a?
267
In base 12, what is 20546 + 0?
20546
In base 9, what is -40 - 15244?
-15284
In base 11, what is -108 - 780?
-888
In base 13, what is -3 - 8830?
-8833
In base 8, what is 1 + 412?
413
In base 16, what is 0 + -9eaf?
-9eaf
In base 8, what is -425447 + 2?
-425445
In base 9, what is 2130 - -10?
2140
In base 14, what is 3 + -a81?
-a7c
In base 3, what is 1211211 - 1201000?
10211
In base 11, what is -11 - 597?
-5a8
In base 14, what is 30 - 192?
-162
In base 15, what is 260 + 10e?
36e
In base 13, what is -766 - -65b?
-108
In base 2, what is 100 + -11101100000110000?
-11101100000101100
In base 16, what is 3 - 1895?
-1892
In base 10, what is -3711 + -11?
-3722
In base 12, what is -298 - -4b39?
4861
In base 13, what is -271 - -91?
-1b0
In base 13, what is -1 - -346b6?
346b5
In base 15, what is 3248 - 15?
3233
In base 10, what is 1 + 165496?
165497
In base 15, what is -3 - 9de?
-9e2
In base 14, what is -1 + -c0722?
-c0723
In base 13, what is -cc + 955?
856
In base 4, what is 10130030 + -2010?
10122020
In base 12, what is -58b + -106?
-695
In base 2, what is -11 - -1010011000100111?
1010011000100100
In base 4, what is 33 + -12333032?
-12332333
In base 6, what is 1250 + -1424?
-134
In base 13, what is -87 + -86?
-140
In base 16, what is -5 + -1407?
-140c
In base 5, what is -2 + -3443242?
-3443244
In base 4, what is -11 + -3102210?
-3102221
In base 3, what is 12 - -11002122202?
1